. Let m be s(1). Suppose 3*g + 8 + m = 0. What is the units digit of (g - -4) + 11 + 2?
2
Suppose -2*r - 5*c = 2*r - 89, -3*c - 65 = -5*r. What is the tens digit of r?
1
Let a = -44 - -62. Let x = 34 - a. What is the tens digit of x?
1
Let d(o) = 4*o**2 + 4*o + 15. What is the units digit of d(-7)?
3
Suppose 2*g + 4*h - 2 = -0*g, g - 2*h = 13. Suppose -g*o + 2*o = l - 48, -3*o = -5*l + 184. What is the units digit of l?
8
Let l(r) = r**3 - 9 - 4*r**2 + 2*r + 1 + 5*r - 2*r**2. What is the units digit of l(6)?
4
Suppose 5*p + 7*p - 2160 = 0. What is the tens digit of p?
8
Let i be 1/(-3) + 20/6. Suppose 2 = -h + 2*b - 5, 2*h - 21 = -i*b. Suppose -4*v - 1 = -h*k, -3*v - 6 = 2*k - 7*v. What is the units digit of k?
7
Let b = 84 - 60. What is the tens digit of b?
2
Let j = -9 + 43. What is the units digit of j?
4
Let l be 8/(-4)*46/(-4). Suppose 0*k - k = -5*h + l, 5*h = 4*k + 32. What is the units digit of (k + 0)*(-10)/6?
5
Let t = -6 - -5. Let s(j) = 9*j**2 - j - 1. What is the units digit of s(t)?
9
Suppose 4*n + 140 = 5*i, -3*n + 122 = 5*i + 17. What is the units digit of i?
4
Suppose 0 = 2*j + 2*z - 50, j - 4*z - 4 = 6. What is the tens digit of j?
2
Suppose x - 11 - 23 = 0. What is the tens digit of x?
3
Suppose 22 = 4*s - 10. Suppose 40 = s*c - 4*c. What is the units digit of c?
0
Suppose 7*r = 188 + 302. What is the units digit of r?
0
Suppose f + o + 16 - 5 = 0, 15 = -3*o. Let h be f/(3/(-5 + 2)). Suppose -3*v - 15 = -h*v. What is the units digit of v?
5
Let b(u) = -12*u - 12. What is the tens digit of b(-4)?
3
Let s be 16/(-40) + 87/5. Suppose -p = -0*p - s. What is the tens digit of p?
1
What is the tens digit of 21*((-24)/(-9) - (2 - 2))?
5
Let g = 27 + -17. Suppose 5*v - g = -3*a + 118, a + 60 = 2*v. What is the units digit of v?
8
What is the units digit of (10/8 + -2)*(20 - 236)?
2
Let l be (-9)/(-15)*1*35. Suppose 3*i + 3 = l. Suppose -i = -4*w + 2. What is the units digit of w?
2
Suppose -2*h + 8*h - 534 = 0. What is the tens digit of h?
8
Let n(v) = v - 2. Suppose -z + 5 = 2. What is the units digit of n(z)?
1
Let c = -3 + 145. What is the hundreds digit of c?
1
Suppose -4*v - 164 + 48 = 0. Let a = 51 + v. What is the units digit of a?
2
Let b(c) = -c**3 - 11*c**2 - 11*c - 9. What is the units digit of b(-10)?
1
Let i be 0*-2*2/(-8). Suppose -2*y + 3*y = 18. Suppose 3*o = -i*o + y. What is the units digit of o?
6
Let r be (-2)/4 - 4/(-8). Suppose 0*t = -3*t + 27. Suppose r = 3*a - t - 12. What is the units digit of a?
7
Let w = 293 + -165. Suppose 3*j - w = -5*o + 110, -5*j - 270 = -5*o. What is the units digit of 1/(-4) + o/8?
6
Let g = 11 - 13. Let b(z) = 8*z**2 - 2*z + 1. What is the units digit of b(g)?
7
Let l(y) = y + 3. Let b = 15 - 6. What is the tens digit of l(b)?
1
Suppose 5*g + 5 - 25 = 0. Suppose 3*q - 4*u - 63 = -u, -g*q + 84 = -5*u. Suppose 5*x - 56 = -q. What is the units digit of x?
7
Let c(d) = -12*d - 22. What is the tens digit of c(-12)?
2
Let q = -19 - -29. What is the tens digit of q?
1
Suppose 0 = -2*t - 3*t + 20. Suppose -2*i - r = -8, -2*r - r + 20 = t*i. Let q = i + 11. What is the tens digit of q?
1
Suppose -4*f - 8 = -16. What is the units digit of f?
2
Let t = 38 - 6. What is the tens digit of t?
3
Let w = 4 - -9. Let l = 20 - w. What is the units digit of l?
7
Suppose -b - 14 = 5*a, 2*b - 11 - 9 = 2*a. Let x(h) = h**2 - 7*h + 5. Let q be x(b). What is the tens digit of -1*q/((-2)/(-38))?
1
Let j be (2/(-3))/(8/12). Let n be j/((-2)/(2 + 8)). What is the units digit of 3/5 - (-42)/n?
9
Let n(z) = z**2 + z + 2. Let x(g) = -g. Let t be x(2). Let o be (1 - t)*(1 - 2). What is the units digit of n(o)?
8
Suppose 12 = 4*s - 0. Suppose 0*w = 3*w - 3*z - 3, 9 = -s*z. What is the units digit of 2 + (-6)/w + -1?
4
Let g be (-1 - 0)/(-1)*12. Suppose -g = -o - 1. What is the tens digit of o?
1
Let z = -5 + 5. Let a(f) = f**2 + f + 2. Let o be a(z). Let y = 4 + o. What is the units digit of y?
6
Suppose -2*b - 320 = -3*b - 2*v, -1640 = -5*b - 2*v. What is the hundreds digit of b?
3
Suppose 2*m - 5*m = -270. Suppose -l + m = 4*l. What is the units digit of l?
8
Let u = 5 - 1. Let x be (-144)/(-10) + u/(-10). Suppose -2*a = -4*a + x. What is the units digit of a?
7
Let s(v) = v**2 + 10*v - 17. What is the tens digit of s(-20)?
8
Let l(z) = -z**2 - 6*z + 10. Let s be l(-7). Let g be 2 + s - (-2 - -2). Suppose -10 = -g*r + 10. What is the units digit of r?
4
Let l(t) = t**3 + 2*t**2 + t. Let z = -3 + 1. Let x be l(z). What is the units digit of (-2)/(-5)*(7 + x)?
2
Suppose -2*h - 2*d = -4*d - 72, 2 = 2*d. What is the tens digit of h?
3
Let y(r) = -r + 16. Let h be y(11). Suppose -j - h*m = -29, 0*j + 173 = 5*j - 3*m. What is the units digit of j?
4
Suppose 0*s + 3*s - 9 = 0. Let n = s - -8. What is the units digit of n?
1
Suppose 2*a - 10 = -4*q, 3*q + 7 = 4*q - 4*a. Suppose -q*l = l - 204. What is the units digit of l?
1
What is the units digit of (65/(-4))/(9/(-36))?
5
Let b = -7 + 9. Suppose -6 = -3*o, 8 = -v + b*o + 17. What is the units digit of v?
3
Suppose 3*n - 3 = c, 4*n - 14 = -5*c + 28. What is the tens digit of 33/4*16/c?
2
Let j(v) = v**2 + 4*v - 2. Suppose 3 = z - 2*o, 0*z + o = -4*z - 33. What is the units digit of j(z)?
9
Let x(a) = -3*a + 3 - 5*a**3 - 3*a - 8 + 9*a**2 + 4*a**3. Let z(o) = -9*o**3 - 2*o**2 + 1. Let b be z(-1). What is the units digit of x(b)?
1
Suppose -2*t + 118 = 2*j, 0*t + 5*j + 218 = 4*t. What is the units digit of t?
7
What is the tens digit of ((-3)/(-6))/(2/152)?
3
Let p = 7 + -6. Suppose 2*m - 6 = 0, m - p - 5 = -l. What is the units digit of l?
3
Suppose 0 = 5*s - 228 - 77. Suppose 3*y + 13 = s. What is the tens digit of y?
1
Let n(b) = -b**3 - b**2 - 1. Let m(y) = 3*y**3 + 4*y**2 - 2*y + 3. Let t(f) = m(f) + 2*n(f). Let g be t(1). What is the units digit of (g/2 - -1) + 1?
3
Let c(v) = -v**2 + v + 21. Let i(u) = -u**3 - 1. Let s be i(-1). What is the units digit of c(s)?
1
Let n(v) = v**3 + 7*v**2 + 2. Suppose t + 7 + 0 = 0. What is the units digit of n(t)?
2
Let w = 37 - -15. What is the tens digit of w?
5
Let j(s) = -s**3 + s**2 + 2*s + 1. Let v be 4*((-1)/(-2) + 0). What is the units digit of j(v)?
1
Suppose -4*k = -3*k - 62. What is the tens digit of k?
6
Let q be 28/(-6)*6/4. Let p = 12 + q. What is the units digit of p?
5
Suppose 0 = 7*o - 5*o. Let h = o - -16. What is the tens digit of h?
1
Suppose 0 = -2*h + 8 - 2. Let j be -1 + 0 + h - 53. What is the units digit of j/(-6) + (-1)/(-2)?
9
Let h = 235 - 141. What is the units digit of h?
4
Suppose 5*h - 99 = -5*t + 31, -4*t = -20. Let b = h + 12. What is the units digit of b?
3
Let y = 707 - 480. What is the hundreds digit of y?
2
Let o(g) = 19*g**3 + 2*g**2 - 1. Let z be o(1). Suppose 0 = -5*q + z. What is the units digit of (-6)/q + 51/6?
7
Let w(o) be the third derivative of -11*o**5/20 + o**3/6 - o**2. Let d be w(-1). Let j = -18 - d. What is the tens digit of j?
1
Suppose -i + 10 = i. Let d(y) = -y**3 - 3*y**2 + y + 4. Let x be d(-3). Let t = i - x. What is the units digit of t?
4
Let n(s) = 4*s**2 - 9*s + 11. Let i(v) = -6*v**2 + 13*v - 16. Let d(x) = -5*i(x) - 7*n(x). Let j = 1 + 2. What is the tens digit of d(j)?
1
Let v(r) = 103*r - 14. What is the hundreds digit of v(3)?
2
Let p = -2 + 4. Suppose -p*l - 3*l - 38 = -u, 0 = -3*l - 12. What is the tens digit of u?
1
Let h be (-1 + 2)*(6 + 0). Let n = h - 2. What is the units digit of n?
4
Let t(w) = -w**3 - 23*w**2 + 17*w + 32. What is the units digit of t(-24)?
0
Let h = 50 - 18. What is the tens digit of h?
3
Let s(k) = 5*k + 12. What is the tens digit of s(0)?
1
Let i(d) = -d**2 - 7*d + 6. Let v be i(-7). Let x = v + 0. Let f = x - -2. What is the units digit of f?
8
Let h = -6 - 5. What is the units digit of h/(-33)*(-96)/(-1)?
2
What is the hundreds digit of 211 - (-2)/3*(-3)/2?
2
Let g = -107 - -199. What is the units digit of g?
2
Suppose 0 = 3*o - o - 4. Suppose -2*a + 2*n + 0*n = -16, o*a - 4*n - 24 = 0. Suppose -5*j - 4*v + 3*v = -33, -a*j + 5*v = -9. What is the units digit of j?
6
Suppose 232 = -2*v + 758. What is the tens digit of v?
6
Suppose 2*q = -5*j + 29, 3*j - 20 = -j. Let c = 0 + q. What is the units digit of (0 + 1)/(c/4)?
2
Let g(m) be the third derivative of -m**6/120 - m**5/60 - m**4/24 + m**3/6 + 5*m**2. What is the tens digit of g(